factor of 176195 and 393.
131
Calculate the highest common factor of 442 and 6851.
221
Calculate the greatest common factor of 2276334 and 86.
86
Calculate the highest common factor of 63150 and 6.
6
Calculate the greatest common divisor of 31217 and 89623.
1007
What is the highest common divisor of 300 and 257225?
25
Calculate the greatest common factor of 172 and 9435318.
86
Calculate the highest common factor of 80 and 1660.
20
Calculate the greatest common divisor of 368 and 18607.
23
What is the greatest common factor of 75 and 103475?
25
Calculate the highest common divisor of 14007 and 42.
21
What is the greatest common factor of 242641 and 833?
119
What is the greatest common divisor of 779 and 164?
41
Calculate the greatest common divisor of 377467 and 109.
109
What is the greatest common divisor of 893 and 4066?
19
Calculate the greatest common divisor of 17096 and 24.
8
What is the greatest common divisor of 4130 and 5460?
70
What is the greatest common factor of 39576 and 2522?
194
What is the greatest common divisor of 2817 and 164638?
313
What is the greatest common factor of 164274 and 1048?
262
Calculate the highest common divisor of 4212 and 2700.
108
Calculate the greatest common factor of 1101096 and 2214.
738
Calculate the greatest common factor of 5930 and 170.
10
Calculate the highest common divisor of 39 and 604825.
13
Calculate the greatest common divisor of 6738 and 4.
2
Calculate the highest common divisor of 22243 and 145.
29
Calculate the greatest common divisor of 2432 and 1254.
38
What is the greatest common divisor of 814 and 44638?
22
What is the greatest common divisor of 427 and 66673?
61
Calculate the greatest common divisor of 255691 and 23.
23
What is the highest common divisor of 707033 and 148?
37
Calculate the highest common factor of 1368 and 2628.
36
Calculate the highest common factor of 23826 and 990.
66
Calculate the greatest common factor of 467125 and 250.
125
What is the greatest common divisor of 4558 and 602?
86
Calculate the highest common divisor of 43612 and 52.
4
Calculate the highest common factor of 1591705 and 1796.
449
Calculate the greatest common factor of 168096 and 68.
68
Calculate the greatest common divisor of 200078 and 142.
142
Calculate the highest common factor of 21 and 956613.
21
Calculate the greatest common divisor of 2340 and 4004.
52
What is the highest common factor of 189 and 179631?
27
What is the highest common divisor of 7830786 and 93?
93
Calculate the greatest common divisor of 3211263 and 66.
33
Calculate the highest common factor of 8596 and 1162.
14
Calculate the highest common divisor of 14580 and 360.
180
Calculate the greatest common factor of 50056 and 8.
8
What is the highest common factor of 87 and 1685770?
29
What is the greatest common factor of 19872 and 1564?
92
What is the highest common factor of 886 and 209539?
443
Calculate the greatest common divisor of 16684 and 3492.
388
What is the greatest common factor of 11075 and 3101?
443
Calculate the highest common factor of 1820 and 7882.
14
What is the greatest common divisor of 1111 and 3445211?
1111
Calculate the highest common factor of 4858303 and 554.
277
What is the greatest common factor of 1456 and 1316?
28
Calculate the greatest common divisor of 4557 and 372.
93
What is the greatest common divisor of 55430 and 3565?
115
Calculate the highest common divisor of 80 and 6576.
16
What is the greatest common factor of 9604 and 2576?
28
Calculate the highest common divisor of 759 and 14076.
69
What is the greatest common factor of 558 and 3438?
18
Calculate the greatest common factor of 131202 and 74.
74
What is the highest common divisor of 1114445 and 95?
95
Calculate the greatest common divisor of 28764 and 89964.
612
What is the highest common divisor of 49792 and 256?
128
What is the highest common divisor of 4288300 and 380?
380
Calculate the greatest common divisor of 30248 and 1292.
76
What is the greatest common divisor of 2766693 and 23?
23
Calculate the greatest common factor of 7979 and 24341.
101
Calculate the greatest common divisor of 66 and 51942.
66
Calculate the highest common divisor of 74 and 444259.
37
Calculate the greatest common divisor of 780780 and 624.
156
Calculate the greatest common divisor of 48 and 64041.
3
Calculate the greatest common factor of 19 and 3285632.
19
What is the greatest common factor of 275215 and 95?
95
What is the greatest common factor of 156 and 966?
6
Calculate the highest common divisor of 1370 and 440.
10
What is the highest common divisor of 524664 and 15120?
1512
Calculate the highest common divisor of 3580 and 80.
20
What is the greatest common factor of 132 and 75460?
44
Calculate the greatest common factor of 2 and 16679.
1
Calculate the highest common factor of 3332 and 94619.
49
What is the highest common factor of 1290 and 1118?
86
What is the highest common factor of 805 and 4807?
23
What is the greatest common divisor of 7068 and 12084?
228
Calculate the highest common divisor of 28 and 2569630.
14
Calculate the highest common factor of 275130 and 8370.
270
Calculate the greatest common factor of 10 and 18710.
10
What is the highest common factor of 225 and 51825?
75
Calculate the highest common factor of 4610 and 150.
10
Calculate the greatest common divisor of 48776 and 26.
26
Calculate the greatest common divisor of 68 and 180098.
34
What is the greatest common factor of 32512 and 29845?
127
What is the greatest common divisor of 11 and 2694362?
11
What is the highest common factor of 240895 and 75?
5
Calculate the greatest common factor of 25952 and 48.
16
What is the highest common divisor of 13842 and 1?
1
What is the highest common divisor of 72027 and 901?
53
What is the greatest common factor of 16268 and 10873?
83
What is the highest common divisor of 504 and 728?
56
What is the highest common factor of 1243541 and 13?
13
What is the greatest common factor of 5520 and 87630?
690
What is the greatest common divisor of 5724 and 179604?
108
What is the greatest common divisor of 28 and 880796?
28
What is the highest common factor of 1047 and 9279561?
1047
What is the highest common factor of 487761 and 69?
69
What is the highest common divisor of 6832 and 5246?
122
Calculate the greatest common divisor of 170445 and 660.
165
Calculate the highest common factor of 190 and 692170.
190
What is the highest common factor of 204 and 2204764?
68
Calculate the greatest common divisor of 36 and 191988.
36
Calculate the greatest common factor of 8249 and 113.
113
What is the greatest common factor of 110550 and 1742?
134
Calculate the greatest common divisor of 21942 and 7866.
414
Calculate the highest common factor of 1661 and 2409.
11
What is the greatest common factor of 156 and 138528?
156
What is the greatest common divisor of 35152 and 4112?
16
What is the highest common divisor of 29193 and 70929?
111
What is the highest common factor of 9360850 and 150?
50
Calculate the greatest common divisor of 100020 and 420.
60
What is the highest common divisor of 120 and 99135?
15
What is the highest common factor of 2934 and 54?
18
Calculate the greatest common factor of 650940 and 38.
38
What is the highest common divisor of 3561 and 93?
3
What is the highest common factor of 969 and 20634?
57
Calculate the highest common divisor of 7416540 and 90.
90
What is the greatest common factor of 3373348 and 44?
44
Calculate the greatest common factor of 264 and 14696.
88
Calculate the greatest common divisor of 325 and 2350.
25
What is the greatest common divisor of 128 and 176144?
16
Calculate the greatest common divisor of 40457 and 23.
23
Calculate the highest common divisor of 470 and 109510.
470
What is the highest common factor of 1248 and 8256?
96
What is the greatest common factor of 435 and 495?
15
Calculate the highest common factor of 16744 and 3822.
182
What is the highest common factor of 102 and 391306?
34
What is the highest common factor of 28 and 1255828?
28
Calculate the highest common factor of 3577290 and 30.
30
Calculate the highest common divisor of 16125 and 1677.
129
What is the highest common divisor of 1056 and 20640?
96
What is the highest common factor of 52113 and 282129?
1797
What is the highest common factor o